f p**4/4 - 4*p**3/3 - 3*p**2/2 - 7*p + 1. Let b be n(5). Suppose -b*t - 1 + 64 = 0. Is t composite?
True
Let y(j) = -16*j + 37. Is y(-7) composite?
False
Is 3502/6 + (-68)/102 a composite number?
True
Suppose 2*l + 5*q - 35 = 0, 3*q + 1 = -l + 2*l. Suppose 3*g = l + 260. Is g + (0 - (-1)/1) prime?
False
Let v(q) be the third derivative of 0 + 2*q**2 + 49/6*q**3 + 1/24*q**4 + 0*q. Is v(0) a prime number?
False
Suppose 0*w + d = 5*w, 0 = -5*d. Let g be (0 - w)*7/(-7). Suppose g = 4*v - 40 - 16. Is v composite?
True
Let u = -13 - 5. Let d = u - -30. Let b = d - -13. Is b prime?
False
Let p(y) = -y**2 - y - 22. Let f be p(0). Is f/3*(-42)/4 a prime number?
False
Let f = 31 + -290. Let x = f + 758. Is x a prime number?
True
Let c = -14 - -19. Suppose 2*j + t = -t + 36, 0 = -c*j + t + 60. Is j a prime number?
True
Let t(d) = 2*d - 4. Let u be t(4). Let n be 4*(-2)/4 + u. Suppose -v = 4*p - 193, -p = n*p + v - 144. Is p composite?
True
Let a(u) = 3 - 4 - 4 - 6*u. Is a(-7) prime?
True
Let f(l) = -60*l - 7. Is f(-4) prime?
True
Suppose -r + 5 = 2*n, -r + 0*n = 5*n - 11. Let z be (-4)/(-1) + r/1. Suppose -z*a = -a - 4*i - 160, -a - i = -30. Is a composite?
True
Let l(j) = 3*j**2 - 1. Let i(z) = z + 1. Let c(n) = -6*n - 14. Let v(m) = -c(m) - 5*i(m). Let h be v(-5). Is l(h) a composite number?
False
Is (-1)/((6/(-12))/(1082/4)) a prime number?
True
Suppose -322 = -t + 1335. Is t prime?
True
Let t be (-52)/(-20) + (-2)/(-5). Suppose -2*u - 3*u + 7 = -3*i, -5*u = t*i - 13. Is (22/(-2))/(u/(-6)) prime?
False
Let n(s) = 13*s**3 + 2*s**2 + s - 1. Let y be n(-3). Let o = -115 - y. Let r = o - 59. Is r prime?
True
Let i = 10 + -7. Suppose -2*x + 0*x + 149 = i*a, -119 = -2*x + 3*a. Is x a composite number?
False
Suppose 15 = -3*z - 4*o, -z - 3*o = -o + 5. Let k(a) = -a - 3. Is k(z) a composite number?
False
Suppose v - 152 = -3*v. Let u = v + 111. Is u a composite number?
False
Let q(l) = -l**3 + 6*l**2 + l + 4. Let z be q(6). Suppose -2*w + 32 = 2*b, -w + 2*b + 15 + z = 0. Is w a prime number?
True
Let q be -1 + (3 - 2) - -2. Suppose 5*x + 0*x = 0. Suppose -q*h + 4*h - 116 = x. Is h composite?
True
Suppose -5*r - 3*p + 28 = -0*r, -r - p = -6. Let k = r + -6. Is k*(-2)/(-6)*-339 a composite number?
False
Let b(o) = 4*o - 3. Is b(10) composite?
False
Let u(g) = 3401*g**2 - g - 6. Let i(n) = -680*n**2 + 1. Let j(c) = -11*i(c) - 2*u(c). Is j(-1) a prime number?
True
Let x = -69 - -14. Is (x/2)/(3/(-6)) composite?
True
Is (251/(-2))/((-1)/22) a prime number?
False
Is (-92)/(-9) + (-16)/72 a composite number?
True
Let p = 6 + -3. Suppose 1859 = p*c - 502. Is c a composite number?
False
Suppose 5*o - y - 4324 = 0, 5*o - y - 2*y - 4322 = 0. Is o composite?
True
Let c = -21 - -78. Let a(u) = -12*u + 10. Let t be a(-7). Let x = t - c. Is x composite?
False
Let x = 27 - 19. Is (12/x)/((-3)/(-4)) a composite number?
False
Suppose -4*r - 792 = -4*a, 5*r - 819 = -4*a - 0*r. Is a composite?
True
Let b = -26 - -30. Suppose -b*d + 144 = -348. Is d prime?
False
Let t = -400 + 682. Let n = t + 217. Is n a prime number?
True
Is 355/((-3)/3)*-1 a composite number?
True
Let g be 4/(-10) + (-732)/20. Let h = 94 + g. Is h a composite number?
True
Let m = 1296 - 419. Is m a composite number?
False
Suppose -3*k = -0*k. Suppose u - 34 - 33 = k. Is u a composite number?
False
Is (17164/(-56))/((-1)/2) a prime number?
True
Let z = 28 + 39. Is z a composite number?
False
Suppose -330 = -4*p + 418. Is p a prime number?
False
Let j be 0/1 + -4 + 4. Suppose 1033 = 3*k - k - 3*q, -k - 3*q + 530 = j. Is k composite?
False
Let z(g) = 38*g**3 + g - 1. Suppose 4*j - 2 + 4 = 3*f, 5*j + 5*f = 15. Is z(j) composite?
True
Suppose -5*l = -0*l - 30. Is l a composite number?
True
Suppose -5*z = -5, -11 = -5*q + 6*z - 2*z. Suppose q*b - 2 = 73. Is (b - 6) + 0 + 0 prime?
True
Let m(l) = -2*l**2 - 2*l. Let n be m(-2). Let z(q) = -19*q - 3. Let c(s) = s. Let r(y) = -4*c(y) + z(y). Is r(n) a composite number?
False
Is 422 + (-2 - -1 - 2) a prime number?
True
Is -1*4*844/(-16) composite?
False
Suppose 8 = -4*c - 2*g, 3*c - 4 = 3*g - 19. Is 74/(-6)*(c + -18) a composite number?
True
Is (-1 + -2)/3 + 258 composite?
False
Suppose -3*r = -2*r + 2. Is r/(-1) - (0 + -77) a composite number?
False
Let c(r) = -r + 5 + 1 + 24*r + 0. Is c(5) prime?
False
Suppose v - 1 - 2 = 0. Suppose 0 = -v*z + 183 + 36. Suppose -5*k + 53 = h, 4*h - k = 139 + z. Is h a prime number?
True
Let z be -1*42/(-1) - 0. Let u = z + -3. Is u a prime number?
False
Suppose 2*j = 2 - 4. Suppose -5*y + 2*y = -15, -3*y + 13 = 2*v. Is (37 - 0)*j/v a prime number?
True
Let k(a) = -23*a**3 - 2*a**2 + 2*a + 1. Let d be k(3). Is d/(-3) + 2/6 a composite number?
False
Let k(g) = -6*g**3 + 4*g**2 - 4*g + 2. Let i be k(2). Is (-2 + 0)/(2/i) a prime number?
False
Let y(a) = -5*a + 2. Let b(h) = h**3 + 10*h**2 - 3*h - 3. Let i be b(-10). Suppose 0 = -5*d - i - 8. Is y(d) prime?
True
Suppose 1429 = 3*j - 5*q - 1465, -q - 966 = -j. Suppose -4*r + j = -2700. Is r a prime number?
False
Suppose -3*n + 35 = 5*z, 5*z = -2*n - 2*n + 40. Suppose 160 = -z*s + 704. Suppose -4*d + s = -0*d. Is d prime?
False
Let v(n) = n**3 + n**2 - 1. Let w(z) = -5*z**3 - 3*z**2 - 5*z + 2. Let q(t) = -3*v(t) - w(t). Is q(4) a prime number?
True
Is 430/2 - (-1 + -1) a prime number?
False
Let l = 941 + -1360. Let t = l - -748. Is t composite?
True
Let x(t) = 0*t**2 + t**2 + 2*t - 3 - 2. Is x(-5) a composite number?
True
Let f = 66 + 257. Is f composite?
True
Suppose -4*h + 27 = -481. Suppose 0 = v - 0*v - h. Is v a prime number?
True
Let i(u) = 85*u**3 + u - 1. Let p(h) = -3*h**2 + 3 - 2 + 2*h**2 + 8*h. Let o be p(8). Is i(o) a prime number?
False
Suppose -g + 619 = -1032. Is g composite?
True
Let n(i) = 2*i - 6. Let l be n(-7). Let j = 10 - l. Let h = j - -7. Is h composite?
False
Is (-12)/42 + 2/((-42)/(-18885)) a prime number?
False
Suppose 0 = -q - 5*i - 0*i + 372, 0 = 3*q - 3*i - 1080. Is q prime?
False
Suppose -3*m + 4*m = 14. Suppose m = -3*d - 1, 4*t - 2*d = 102. Is t composite?
False
Let f = 0 - -3. Let i = f - 3. Suppose 2*b - 9 - 33 = i. Is b composite?
True
Let g be -3*(2 + -1) + 33. Suppose 0 = 5*b - 5*a - g, b + 3*b + a - 4 = 0. Suppose -b*t = -6*t + 100. Is t a composite number?
True
Let k = -137 - -199. Suppose 360 = 4*w - 4*f, w - 4*f = k + 37. Is w composite?
True
Suppose 4*c + s - 99 = -15, 2*c - 56 = -4*s. Suppose 0 = -2*b + 266 + c. Suppose 2*j - j - b = 0. Is j a composite number?
True
Let v be 0/(-2) + -3 - -1. Let a = 2 + v. Suppose 3*t + 55 - 157 = a. Is t a composite number?
True
Let s(c) be the third derivative of -c**5/60 + c**4/6 + 5*c**3/6 - 2*c**2. Let j be s(5). Suppose 7*g - 2*g - 45 = j. Is g prime?
False
Suppose 5*s - 618 - 592 = 0. Suppose 4*i = 4*z + 360, 3*i - 2*z - s = 25. Is i a prime number?
False
Suppose -4*d + 16*d - 11412 = 0. Is d prime?
False
Let m be 1*1/(2/66). Suppose -q - m = 2*q. Let h = q - -17. Is h composite?
True
Suppose -3*g + 8*g = 0. Suppose i + 0*i - 4 = g. Suppose 4*w = i*m - 168, -5*m + 0*w = 2*w - 189. Is m composite?
True
Let b(k) = -2*k**2 - 4*k - 6. Let q be b(-5). Let o = q + 73. Is o a composite number?
False
Let o(t) = -t**3 + 5*t**2 - 5*t + 4. Let b be o(4). Suppose b = k - 11 + 69. Let x = 97 + k. Is x prime?
False
Suppose 0*j = -2*j. Let i = 5 + j. Suppose 3*x - 235 = -x - i*b, b = x - 52. Is x a prime number?
False
Let x = -28 - -475. Is x a composite number?
True
Is (0 - 1)/(1/(-751)) a prime number?
True
Suppose c = -5*x - 4*c + 30, -10 = -5*x - c. Suppose 3 + x = 2*k. Suppose -5*l - 3 = -3*l + 5*y, 0 = -k*l + y + 15. Is l prime?
False
Let n be 61*2/(2 + 0). Let p = 135 - n. Suppose -5*d - 9 = -p. Is d composite?
False
Let u(n) = -n**3 + 20*n**2 + 22*n + 21. Is u(16) a composite number?
True
Is 3430/90 - 3/27 a composite number?
True
Let f(m) be the first derivative of -3*m**2/2 - 3*m + 2. Is f(-3) prime?
False
Let r(h) = -17*h**2 - 4*h - 2. Let a be r(-2). Let l = 17 - a. Is l a composite number?
False
Let p(l) = -10*l - 3 + 3. Let r be p(-1). Is (r/(-4))/(3/(-42)) composite?
True
Let g be (-3)/(-2)*4/3. Suppose 571 = 2*a + 3*c, -g*a = -2*c - 563 - 33. Is a prime?
True
Suppose -n = -0*n - 4. Suppose -3*j + 2*v = 3*v - 130, -n*v = -3*j + 125. Is j composite?
False
Suppose 4*d + 28 = 624. Is d composite?
False
Su